prime?
True
Is 91542221 composite?
True
Is 8708426 prime?
False
Is 849237 prime?
False
Is 31420679 a prime number?
False
Is 2512063 a composite number?
False
Is 303422303 a prime number?
False
Is 412306529 a prime number?
True
Is 1725665 prime?
False
Is 235242907 prime?
True
Is 295446167 a prime number?
True
Is 94378127 prime?
True
Is 1525093 prime?
True
Is 1407103 prime?
False
Is 58334119 a prime number?
False
Is 190484339 prime?
True
Is 136201 composite?
True
Is 12098395 a prime number?
False
Is 177086629 a prime number?
True
Is 2405545 composite?
True
Is 2495599 composite?
False
Is 30456581 composite?
False
Is 183590129 composite?
False
Is 13210837 composite?
True
Is 334448839 a composite number?
False
Is 259254943 composite?
True
Is 156007 a composite number?
False
Is 189970401 a composite number?
True
Is 6709711 prime?
True
Is 39097313 a prime number?
False
Is 323649803 a prime number?
True
Is 43008145 composite?
True
Is 1522519 prime?
False
Is 222133193 composite?
False
Is 720303043 a prime number?
True
Is 111409 a prime number?
True
Is 5609089 prime?
False
Is 63413785 composite?
True
Is 107481013 a prime number?
True
Is 1358839 a prime number?
False
Is 13266007 a composite number?
False
Is 8974877 prime?
True
Is 619141799 a prime number?
True
Is 3180223 composite?
False
Is 21096823 composite?
True
Is 295113407 a prime number?
True
Is 5557667 a prime number?
False
Is 245821529 a composite number?
True
Is 128703823 composite?
False
Is 15536203 a prime number?
True
Is 6619253 a composite number?
False
Is 540581 a prime number?
False
Is 929897 prime?
True
Is 718664513 composite?
True
Is 615721 a prime number?
True
Is 27029339 composite?
False
Is 11834809 prime?
False
Is 234331 prime?
True
Is 938394727 a composite number?
False
Is 1288793 a prime number?
False
Is 79638457 a composite number?
True
Is 6956353 a prime number?
True
Is 466672187 prime?
False
Is 10139173 composite?
True
Is 49496077 a composite number?
False
Is 43648597 a prime number?
True
Is 216469283 a prime number?
True
Is 4868459 composite?
True
Is 32851921 prime?
True
Is 416883461 composite?
True
Is 8832959 composite?
False
Is 9898547 a prime number?
True
Is 34047281 a composite number?
False
Is 530634529 prime?
True
Is 947893 prime?
True
Is 2744529 a composite number?
True
Is 29646803 prime?
True
Is 6158041 a prime number?
True
Is 529727 composite?
True
Is 46588403 prime?
True
Is 85437589 a prime number?
False
Is 4313531 a prime number?
True
Is 355295441 a composite number?
False
Is 2484201 a prime number?
False
Is 6487259 prime?
True
Is 34525163 prime?
True
Is 3801403 prime?
True
Is 585953 a prime number?
True
Is 4916987 a composite number?
True
Is 5227097 prime?
False
Is 662353999 a composite number?
False
Is 1240673 composite?
True
Is 736787 prime?
True
Is 84869 prime?
True
Is 116058293 composite?
True
Is 30154991 composite?
True
Is 43075523 a prime number?
False
Is 1862547 composite?
True
Is 66707281 a composite number?
False
Is 102068193 prime?
False
Is 1771841 prime?
False
Is 21968179 prime?
False
Is 89276371 a composite number?
True
Is 4054997 a prime number?
True
Is 5248231 a composite number?
False
Is 14024399 prime?
True
Is 3919937 a prime number?
False
Is 26356703 a composite number?
True
Is 167020061 composite?
True
Is 52299637 composite?
True
Is 2915257 a composite number?
False
Is 112965841 a prime number?
False
Is 608050265 a composite number?
True
Is 455349823 a prime number?
False
Is 212959897 prime?
True
Is 554527 a composite number?
False
Is 26511 a composite number?
True
Is 479564419 prime?
False
Is 11082251 a composite number?
True
Is 8346869 a composite number?
False
Is 1449791 prime?
False
Is 2755657 prime?
False
Is 20337 a prime number?
False
Is 1483757 a prime number?
False
Is 140275699 composite?
True
Is 5060839 a composite number?
True
Is 1818581 a prime number?
False
Is 10701511 a composite number?
True
Is 11724809 composite?
False
Is 27803999 a composite number?
False
Is 21952705 composite?
True
Is 1547893 prime?
True
Is 128657 prime?
True
Is 7979129 prime?
True
Is 1335421 a prime number?
False
Is 36417919 composite?
False
Is 438173443 composite?
True
Is 7162141 composite?
True
Is 437509549 prime?
True
Is 6324671 prime?
False
Is 18866387 a prime number?
False
Is 31815623 a prime number?
False
Is 143960729 a composite number?
True
Is 17642071 prime?
False
Is 14643131 a composite number?
False
Is 402131711 prime?
True
Is 9297439 a prime number?
False
Is 7161829 prime?
False
Is 20856166 a composite number?
True
Is 5661973 composite?
False
Is 3101141 composite?
False
Is 123467887 prime?
False
Is 1049855 a prime number?
False
Is 2658311 a prime number?
False
Is 63948701 a composite number?
True
Is 207120721 prime?
False
Is 970421 prime?
True
Is 26727973 composite?
True
Is 24199261 a prime number?
False
Is 270061 prime?
False
Is 5426353 composite?
False
Is 29153473 prime?
True
Is 23694443 prime?
True
Is 20504101 a prime number?
True
Is 21341339 prime?
True
Is 22513291 composite?
False
Is 23471711 prime?
True
Is 88093 composite?
False
Is 942455 a prime number?
False
Is 19497941 prime?
True
Is 523635599 composite?
False
Is 599325283 a prime number?
False
Is 5814301 a composite number?
False
Is 5403247 prime?
True
Is 381401 a composite number?
False
Is 477522051 a prime number?
False
Is 1548739 a composite number?
False
Is 2805371 a prime number?
True
Is 11843198 a composite number?
True
Is 1376491 a prime number?
True
Is 15793 composite?
True
Is 1476089 prime?
True
Is 18114281 a prime number?
True
Is 3413719 composite?
True
Is 580319 prime?
False
Is 150532737 composite?
True
Is 41848234 a prime number?
False
Is 671514215 a prime number?
False
Is 55627259 prime?
True
Is 41117 a composite number?
False
Is 4469945 a prime number?
False
Is 21557 a composite number?
False
Is 77773087 prime?
False
Is 102194887 a prime number?
False
Is 59562455 a composite number?
True
Is 237587057 composite?
True
Is 1188889 prime?
False
Is 103518223 a composite number?
True
Is 24168022 a composite number?
True
Is 1443149849 prime?
False
Is 540514901 a composite number?
False
Is 564497459 a prime number?
True
Is 17380777 a composite number?
True
Is 33055343 a prime number?
True
Is 3263978 a composite number?
True
Is 277826981 a composite number?
False
Is 14826169 a prime number?
False
Is 5113237 a composite number?
True
Is 3186011 a composite number?
True
Is 23432629 prime?
False
Is 17220851 a prime number?
False
Is 24628213 a prime number?
True
Is 920207 a composite number?
True
Is 1778519 a prime number?
False
Is 93964555 a prime number?
False
Is 132361 a prime number?
True
Is 14535519 prime?
False
Is 53551577 composite?
False
Is 73474757 a prime number?
True
Is 237497483 a composite number?
False
Is 2938499 a prime number?
False
Is 9044509 composite?
False
Is 140101937 composite?
False
Is 17297963 a prime number?
True
Is 45724009 composite?
True
Is 11705293 a prime number?
True
Is 10361317 a composite number?
False
Is 104601491 composite?
True
Is 1174452861 prime?
False
Is 39271 composite?
True
Is 15277601 a composite number?
False
Is 112648073 a composite number?
False
Is 94011119 a prime number?
True
Is 4045313 prime?
True
Is 13316783 a prime number?
True
Is 2929169 prime?
False
Is 9182581 prime?
True
Is 10433 prime?
True
Is 4550563 prime?
True
Is 169889 a composite number?
False
Is 134321 prime?
False
Is 72582187 a prime number?
False
Is 268943 prime?
False
Is 583169 prime?
True
Is 3442069 composite?
True
Is 16644449 a prime number?
True
Is 142271 a composite number?
False
Is 50577433 a prime number?
False
Is 1010351 a prime number?
False
Is 2983063 a prime number?
False
Is 8362729 a composite number?
True
Is 6996667 a prime number?
False
Is 20501641 prime?
True
Is 9216943 a composite number?
False
Is 195306203 a prime number?
True
Is 428008781 a prime number?
True
Is 75680197 a composite number?
False
Is 30985483 a prime number?
False
Is 3086081 composite?
True
Is 912230833 a prime number?
True
Is 110730749 a composite number?
False
Is 6161933 prime?
False
Is 675342229 composite?
False
Is 399856027 a composite number?
False
Is 25243591 composite?
False
Is 650256455 a prime number?
False
Is 2807303 composite?
False
Is 8465359 prime?
False
Is 2327579 a prime number?
T